d and f.
19
Let p(l) = 777*l - 117. Let u be p(1). Calculate the highest common factor of 3 and u.
3
Let b(z) = z - 5. Let c be b(6). Let p = c - -43. Suppose -l = 3*l - p. What is the highest common divisor of l and 11?
11
Let x = -5 - -7. Suppose 10*i + 43 = 73. Calculate the highest common factor of x and i.
1
Let k = 2 - 2. Suppose 0 = -k*m - 4*m - 1472. Let c be m/(-26) - (-6)/(-39). Calculate the highest common factor of 98 and c.
14
Let r(s) = s**3 - s**2 - 6*s + 1. Let k be r(-2). Calculate the greatest common factor of k and 29.
1
Suppose 0 = 7*u - 0*u + 700. Let p be (u/(-12))/5*9. What is the greatest common factor of 15 and p?
15
Let j(l) = l**2 + l + 1. Let w be j(-2). Let q be 48/15 + 1/(-5). Suppose -q*x + 21 = -w. What is the greatest common divisor of 24 and x?
8
Suppose -17*k - 14 = -65. What is the highest common divisor of 57 and k?
3
Let v(u) = -819*u - 43. Let b be v(-1). Calculate the highest common divisor of b and 8.
8
Suppose 15*l + 132 = 37*l. Calculate the highest common divisor of 246 and l.
6
Let h(j) = j**2 - 83*j + 1232. Let a be h(64). Let v(n) = 80*n**2 + n + 1. Let p be v(-1). What is the greatest common factor of a and p?
16
Let u be (-10)/(-55) - (11856/(-22))/6. What is the greatest common divisor of u and 50?
10
Suppose 2*x - 3*j - 81 = -x, 3*x - 81 = -4*j. Suppose -4*c + 2*c = 6, 3*i - 5*c = 24. What is the highest common factor of i and x?
3
Let o = 22 + -20. Suppose -5*h = s - 100, 434 = o*s - 5*h + 174. Calculate the highest common divisor of s and 48.
24
Suppose 2*g - 38 + 10 = 0. Suppose 4*q - 2*q = 5*y + 17, 4*y - g = -3*q. Calculate the greatest common factor of 6 and q.
6
Let i(r) = -r**3 - 7*r**2 + 15*r - 12. Let m be i(-12). What is the greatest common divisor of m and 33?
33
Let x(h) = -6*h**3 - 2*h**2 - 2*h - 4. Let b be x(-2). What is the highest common factor of b and 20?
20
Suppose 27*j + 66*j - 1674 = 0. Calculate the greatest common divisor of 27 and j.
9
Suppose 4*u - 4*o = 3*u + 62, -178 = -4*u + 2*o. Let a be 1 - -17 - 120/30. Calculate the highest common divisor of u and a.
14
Suppose -62 = -4*t + 22. Calculate the highest common factor of 49 and t.
7
Let z be ((-19)/4)/((-3)/24). Suppose -5*i - z + 198 = -n, 2*n - 10 = 0. Let m = -20 + i. Calculate the greatest common divisor of m and 117.
13
Suppose -w = 2*o - 8, 2*w + 3*w = 3*o + 1. What is the highest common factor of o and 5?
1
Suppose -9*q + 8*q - 2136 = -3*u, 0 = u + 4*q - 725. What is the greatest common factor of 69 and u?
23
Let p be (-2)/12 - (-79)/6. Let b = -16 + p. Let z be 1/((-2)/(-302)) - b. What is the highest common factor of z and 22?
22
Let c = -36 - -35. Let v(n) = -81*n - 4. Let b be v(c). Calculate the highest common factor of 11 and b.
11
Let b be (20*(-7)/(-35))/(2/4). Calculate the highest common factor of b and 128.
8
Suppose 0 = 2*w - 2 - 2. Let s be (4/1 + -2)*w. Let t(v) = 85*v - 75. Let u be t(1). What is the highest common divisor of s and u?
2
Suppose 4*q - 5*q = -2*f - 14, -4*q = -2*f - 86. Suppose 5*g + 3 = -4*a + 20, 25 = 5*a + 5*g. What is the greatest common factor of q and a?
8
Suppose -2*c + 2*k = -16 - 26, -5*c - 4*k = -114. Suppose 4*s = 384 + 232. Calculate the greatest common divisor of c and s.
22
Suppose 13*x - 653 = 127. What is the highest common factor of x and 150?
30
Suppose 4*k - 18 = -2*l, 4*l + 3*k - 23 - 13 = 0. Suppose -a + 3*a = 6. Calculate the highest common divisor of l and a.
3
Let l(j) = -8*j + 85. Let v be l(-6). Calculate the highest common divisor of 190 and v.
19
Suppose -4*c = 4*z - 1844, 0*z - 1378 = -3*c - 2*z. Calculate the greatest common divisor of 24 and c.
24
Suppose -5*n = -45 - 5. Suppose -n*q = -2*q - 512. What is the highest common divisor of q and 8?
8
Let i(g) = 12*g**2 - 30*g + 10. Let k be i(3). Calculate the greatest common factor of k and 56.
28
Let j(m) = 15*m + 15. Let q(p) = -14*p - 15. Let i(u) = -3*j(u) - 4*q(u). Let r be i(10). Calculate the highest common divisor of r and 50.
25
Suppose 4*u - 13 = -3*i + 13, -20 = -2*u - 5*i. Suppose -5*n = u*z - 2*n - 82, 50 = 5*z - 5*n. Calculate the highest common factor of 126 and z.
14
Suppose -4*k - 2*z = -3*z + 189, 3*z - 87 = 2*k. Let w = k - -72. Let j = 30 - w. Calculate the greatest common factor of 66 and j.
6
Let j be -1*(1 + 0)*0. Let m = j + 11. What is the greatest common divisor of 11 and m?
11
Suppose -1 - 5 = -2*b + s, b - 3*s = 8. Let d be (-3)/b*(-3 - (-14)/(-6)). What is the highest common divisor of 4 and d?
4
Let u be ((-20)/6)/(2/(-6)). Suppose -23*x = -19*x - 68. Let w = x - u. What is the greatest common factor of w and 35?
7
Let d(f) = f - 15. Let j be d(8). Let z be 6/21 - 61/j. Let h = 23 - z. Calculate the highest common divisor of h and 42.
14
Suppose 0 = 4*f + h - 11, 4*h = -f + 3*f - 10. Suppose 4*a = 2*k - 128, 3*k - 236 = -k + f*a. What is the greatest common factor of k and 8?
8
Let o(y) = -23*y - 128. Let c be o(-12). What is the highest common factor of c and 259?
37
Let r = 68 - 14. What is the highest common factor of 54 and r?
54
Suppose -3*a + 5*a = 6. Suppose 3*u = -2*q + 72 + 423, 3*q - 738 = -a*u. What is the highest common divisor of 27 and q?
27
Let l(f) = 35*f**2. Let g be l(1). Let h be -8 - 279/(-54) - (-1)/(-6). Let z be ((-14)/3)/(h - 49/(-21)). What is the highest common factor of z and g?
7
Let f(j) = j**3 - 5*j**2 + 7*j - 5. Let k be f(4). Let u(r) = -9*r**2 - 2*r. Let i be u(k). Let h = 763 + i. Calculate the greatest common factor of 28 and h.
28
Let t(c) = -c**2 - 7*c. Let d = -9 + 3. Let n be t(d). What is the greatest common factor of 66 and n?
6
Suppose -3*w - 3*g = -75, -2*w + 16 = -2*g - 46. Let q be (6/(-7))/(4/(-168)) + 6. Calculate the greatest common factor of w and q.
14
Let p be (-10)/8*14/(-21)*6. Let x = -12 + 22. Calculate the highest common divisor of p and x.
5
Suppose -8*u = -3*u - 4*x - 546, u - 4*x - 106 = 0. Calculate the greatest common factor of 825 and u.
55
Let g(f) = 7*f - 4. Let n be 6*((-2)/(-6))/1. Suppose -4*z - 23 = -7, -j - n*z = 4. Let k be g(j). Calculate the highest common factor of k and 3.
3
Let g = -245 - -404. What is the highest common divisor of g and 12?
3
Let s(w) = 0*w - 3*w**2 - 3*w - 9*w + 2*w**2 - 9. Let x be s(-5). Let q be 5 + -2 + 2 + 177. What is the greatest common divisor of q and x?
26
Let i(u) = -6*u**3 - 5*u**2 + 17*u + 66. Let x be i(-5). What is the greatest common factor of 6 and x?
6
Let d(y) = -60*y - 124. Let t be d(-5). What is the highest common divisor of t and 33?
11
Suppose -4*q + 1790 = -7722. Calculate the highest common factor of 82 and q.
82
Let q(i) = 4*i**2 - 41*i - 83. Let p be q(-2). Calculate the highest common divisor of p and 30.
15
Suppose 6216 = -238*a + 252*a. Calculate the greatest common divisor of a and 333.
111
Let p be 90/7 - (-102)/(-119). Calculate the highest common divisor of 36 and p.
12
Let w = -25 - 13. Let m = -74 - w. Let u = m + 96. What is the highest common factor of 24 and u?
12
Suppose 2*t + 5 = 23. Suppose 3*z - 7*z = 3*g - t, 0 = -g - 1. Suppose 38*f - 11*f = 243. Calculate the greatest common divisor of z and f.
3
Let j(t) = -t**2 + 59*t + 61. Let i be j(60). Calculate the greatest common divisor of 271 and i.
1
Suppose p + 0*s - 18 = 3*s, 4*p = 3*s + 72. Suppose 242 - 2 = 20*u. Calculate the greatest common factor of p and u.
6
Let u(s) = 5*s**2 - 8*s - 56. Let h be u(-6). Let x = h + -146. Calculate the highest common factor of x and 13.
13
Let t = -204 - -330. Suppose -m + 41 = 3*m + b, b = 5. What is the greatest common factor of m and t?
9
Let j = 20 - -41. Let c = -57 + j. Suppose -2*z + 96 = 3*p, 2*p + 2*z + 4 = 68. Calculate the greatest common factor of c and p.
4
Let n be 345/9 + 2/(-6). Let d be (-7)/((-42)/(-4))*-3. Let t(f) = 3*f**3 - 3*f**2 + 5*f - 3. Let y be t(d). What is the highest common factor of n and y?
19
Let l = -473 - -484. Calculate the highest common divisor of 5082 and l.
11
Let g be 8 + -2 + (2 - 3). Suppose -94 + 9 = -g*t. What is the greatest common divisor of t and 17?
17
Suppose -22*i = -27*i + 70. What is the highest common factor of i and 70?
14
Suppose -z + 8*z - 161 = 0. Suppose -5*f + 2*n + 3 = 12, f + 4*n + 15 = 0. Let j be (f - (1 + -4)) + 92. What is the highest common divisor of z and j?
23
Let t = 63 - 45